{"version":"1.0","provider_name":"Radio Lengadoc","provider_url":"https:\/\/www.lengadoc.eu\/oc","author_name":"R\u00e0dio Lengad\u00f2c","author_url":"https:\/\/www.lengadoc.eu\/oc\/author\/admin\/","title":"Vous saurez tout sur La Tempora ! - Radio Lengadoc","type":"rich","width":600,"height":338,"html":"<blockquote class=\"wp-embedded-content\" data-secret=\"czHcNmT1uH\"><a href=\"https:\/\/www.lengadoc.eu\/oc\/podcast\/tempora-2022\/\">Vous saurez tout sur La Tempora !<\/a><\/blockquote><iframe sandbox=\"allow-scripts\" security=\"restricted\" src=\"https:\/\/www.lengadoc.eu\/oc\/podcast\/tempora-2022\/embed\/#?secret=czHcNmT1uH\" width=\"600\" height=\"338\" title=\"&laquo;&nbsp;Vous saurez tout sur La Tempora !&nbsp;&raquo; &#8212; Radio Lengadoc \" data-secret=\"czHcNmT1uH\" frameborder=\"0\" marginwidth=\"0\" marginheight=\"0\" scrolling=\"no\" class=\"wp-embedded-content\"><\/iframe><script type=\"text\/javascript\">\n\/* <![CDATA[ *\/\n\/*! This file is auto-generated *\/\n!function(d,l){\"use strict\";l.querySelector&&d.addEventListener&&\"undefined\"!=typeof URL&&(d.wp=d.wp||{},d.wp.receiveEmbedMessage||(d.wp.receiveEmbedMessage=function(e){var t=e.data;if((t||t.secret||t.message||t.value)&&!\/[^a-zA-Z0-9]\/.test(t.secret)){for(var s,r,n,a=l.querySelectorAll('iframe[data-secret=\"'+t.secret+'\"]'),o=l.querySelectorAll('blockquote[data-secret=\"'+t.secret+'\"]'),c=new RegExp(\"^https?:$\",\"i\"),i=0;i<o.length;i++)o[i].style.display=\"none\";for(i=0;i<a.length;i++)s=a[i],e.source===s.contentWindow&&(s.removeAttribute(\"style\"),\"height\"===t.message?(1e3<(r=parseInt(t.value,10))?r=1e3:~~r<200&&(r=200),s.height=r):\"link\"===t.message&&(r=new URL(s.getAttribute(\"src\")),n=new URL(t.value),c.test(n.protocol))&&n.host===r.host&&l.activeElement===s&&(d.top.location.href=t.value))}},d.addEventListener(\"message\",d.wp.receiveEmbedMessage,!1),l.addEventListener(\"DOMContentLoaded\",function(){for(var e,t,s=l.querySelectorAll(\"iframe.wp-embedded-content\"),r=0;r<s.length;r++)(t=(e=s[r]).getAttribute(\"data-secret\"))||(t=Math.random().toString(36).substring(2,12),e.src+=\"#?secret=\"+t,e.setAttribute(\"data-secret\",t)),e.contentWindow.postMessage({message:\"ready\",secret:t},\"*\")},!1)))}(window,document);\n\/* ]]> *\/\n<\/script>","thumbnail_url":"https:\/\/www.lengadoc.eu\/wp-content\/uploads\/2022\/06\/latempora.png","thumbnail_width":1459,"thumbnail_height":715,"description":"Emma Belloti-Lascombes, vice-pr\u00e9sidente de la communaut\u00e9 d'agglom\u00e9ration le Grand Narbonne et Ghislain Duverdier, en charge du Festival La Tempora, vous pr\u00e9sentent la nouvelle \u00e9dition qui se d\u00e9roulera du 01er Juillet au 11 ao\u00fbt. Une belle programmation \u00e9clectique qui vous fera voyager !"}

Ràdio Lengadòc

Emma Belloti-Lascombes, vice-présidente de la communauté d'agglomération le Grand Narbonne et Ghislain Duverdier, en charge du Festival La Tempora, vous présentent la nouvelle édition qui se déroulera du 01er Juillet au 11 août. Une belle programmation éclectique qui vous fera voyager !
