{"version":"1.0","provider_name":"Radio Lengadoc","provider_url":"https:\/\/www.lengadoc.eu\/oc","author_name":"R\u00e0dio Lengad\u00f2c","author_url":"https:\/\/www.lengadoc.eu\/oc\/author\/admin\/","title":"Pinar Selek : sa vie, ses combats - Radio Lengadoc","type":"rich","width":600,"height":338,"html":"<blockquote class=\"wp-embedded-content\" data-secret=\"zQFBxhuToQ\"><a href=\"https:\/\/www.lengadoc.eu\/oc\/podcast\/pinar-selek-turquie-kurdes\/\">Pinar Selek : sa vie, ses combats<\/a><\/blockquote><iframe sandbox=\"allow-scripts\" security=\"restricted\" src=\"https:\/\/www.lengadoc.eu\/oc\/podcast\/pinar-selek-turquie-kurdes\/embed\/#?secret=zQFBxhuToQ\" width=\"600\" height=\"338\" title=\"&laquo;&nbsp;Pinar Selek : sa vie, ses combats&nbsp;&raquo; &#8212; Radio Lengadoc \" data-secret=\"zQFBxhuToQ\" frameborder=\"0\" marginwidth=\"0\" marginheight=\"0\" scrolling=\"no\" class=\"wp-embedded-content\"><\/iframe><script type=\"text\/javascript\">\n\/* <![CDATA[ *\/\n\/*! This file is auto-generated *\/\n!function(d,l){\"use strict\";l.querySelector&&d.addEventListener&&\"undefined\"!=typeof URL&&(d.wp=d.wp||{},d.wp.receiveEmbedMessage||(d.wp.receiveEmbedMessage=function(e){var t=e.data;if((t||t.secret||t.message||t.value)&&!\/[^a-zA-Z0-9]\/.test(t.secret)){for(var s,r,n,a=l.querySelectorAll('iframe[data-secret=\"'+t.secret+'\"]'),o=l.querySelectorAll('blockquote[data-secret=\"'+t.secret+'\"]'),c=new RegExp(\"^https?:$\",\"i\"),i=0;i<o.length;i++)o[i].style.display=\"none\";for(i=0;i<a.length;i++)s=a[i],e.source===s.contentWindow&&(s.removeAttribute(\"style\"),\"height\"===t.message?(1e3<(r=parseInt(t.value,10))?r=1e3:~~r<200&&(r=200),s.height=r):\"link\"===t.message&&(r=new URL(s.getAttribute(\"src\")),n=new URL(t.value),c.test(n.protocol))&&n.host===r.host&&l.activeElement===s&&(d.top.location.href=t.value))}},d.addEventListener(\"message\",d.wp.receiveEmbedMessage,!1),l.addEventListener(\"DOMContentLoaded\",function(){for(var e,t,s=l.querySelectorAll(\"iframe.wp-embedded-content\"),r=0;r<s.length;r++)(t=(e=s[r]).getAttribute(\"data-secret\"))||(t=Math.random().toString(36).substring(2,12),e.src+=\"#?secret=\"+t,e.setAttribute(\"data-secret\",t)),e.contentWindow.postMessage({message:\"ready\",secret:t},\"*\")},!1)))}(window,document);\n\/* ]]> *\/\n<\/script>","thumbnail_url":"https:\/\/www.lengadoc.eu\/wp-content\/uploads\/2022\/05\/281810778_1080764579452313_3725779529081379456_n.jpg","thumbnail_width":2016,"thumbnail_height":954,"description":"Arr\u00eat\u00e9e, tortur\u00e9e, condamn\u00e9e par la justice turque, Pinar Selek qui vit et travaille d\u00e9sormais en France livre pour R\u00e0dio Lengad\u00f2c, alors qu'elle \u00e9tait de passage \u00e0 Narbonne pour le \u00abmois des richesses, de l'immigration et de la diversit\u00e9\u00bb \u00e0 la Maison des Potes, un t\u00e9moignage sur ses combats, son militantisme et ses espoirs."}

Ràdio Lengadòc

Arrêtée, torturée, condamnée par la justice turque, Pinar Selek qui vit et travaille désormais en France livre pour Ràdio Lengadòc, alors qu'elle était de passage à Narbonne pour le «mois des richesses, de l'immigration et de la diversité» à la Maison des Potes, un témoignage sur ses combats, son militantisme et ses espoirs.
