{"version":"1.0","provider_name":"Radio Lengadoc","provider_url":"https:\/\/www.lengadoc.eu\/oc","author_name":"R\u00e0dio Lengad\u00f2c","author_url":"https:\/\/www.lengadoc.eu\/oc\/author\/admin\/","title":"Un carnaval haut en couleur \u00e0 Narbonne ! - Radio Lengadoc","type":"rich","width":600,"height":338,"html":"<blockquote class=\"wp-embedded-content\" data-secret=\"kc8xoQYKBb\"><a href=\"https:\/\/www.lengadoc.eu\/oc\/podcast\/narbonne-en-fete\/\">Un carnaval haut en couleur \u00e0 Narbonne !<\/a><\/blockquote><iframe sandbox=\"allow-scripts\" security=\"restricted\" src=\"https:\/\/www.lengadoc.eu\/oc\/podcast\/narbonne-en-fete\/embed\/#?secret=kc8xoQYKBb\" width=\"600\" height=\"338\" title=\"&laquo;&nbsp;Un carnaval haut en couleur \u00e0 Narbonne !&nbsp;&raquo; &#8212; Radio Lengadoc \" data-secret=\"kc8xoQYKBb\" frameborder=\"0\" marginwidth=\"0\" marginheight=\"0\" scrolling=\"no\" class=\"wp-embedded-content\"><\/iframe><script type=\"text\/javascript\">\n\/* <![CDATA[ *\/\n\/*! This file is auto-generated *\/\n!function(d,l){\"use strict\";l.querySelector&&d.addEventListener&&\"undefined\"!=typeof URL&&(d.wp=d.wp||{},d.wp.receiveEmbedMessage||(d.wp.receiveEmbedMessage=function(e){var t=e.data;if((t||t.secret||t.message||t.value)&&!\/[^a-zA-Z0-9]\/.test(t.secret)){for(var s,r,n,a=l.querySelectorAll('iframe[data-secret=\"'+t.secret+'\"]'),o=l.querySelectorAll('blockquote[data-secret=\"'+t.secret+'\"]'),c=new RegExp(\"^https?:$\",\"i\"),i=0;i<o.length;i++)o[i].style.display=\"none\";for(i=0;i<a.length;i++)s=a[i],e.source===s.contentWindow&&(s.removeAttribute(\"style\"),\"height\"===t.message?(1e3<(r=parseInt(t.value,10))?r=1e3:~~r<200&&(r=200),s.height=r):\"link\"===t.message&&(r=new URL(s.getAttribute(\"src\")),n=new URL(t.value),c.test(n.protocol))&&n.host===r.host&&l.activeElement===s&&(d.top.location.href=t.value))}},d.addEventListener(\"message\",d.wp.receiveEmbedMessage,!1),l.addEventListener(\"DOMContentLoaded\",function(){for(var e,t,s=l.querySelectorAll(\"iframe.wp-embedded-content\"),r=0;r<s.length;r++)(t=(e=s[r]).getAttribute(\"data-secret\"))||(t=Math.random().toString(36).substring(2,12),e.src+=\"#?secret=\"+t,e.setAttribute(\"data-secret\",t)),e.contentWindow.postMessage({message:\"ready\",secret:t},\"*\")},!1)))}(window,document);\n\/* ]]> *\/\n<\/script>","thumbnail_url":"https:\/\/www.lengadoc.eu\/wp-content\/uploads\/2022\/02\/carnaval_2022_-_1200x630-e1645630608178.jpg","thumbnail_width":476,"thumbnail_height":519,"description":"Qui de mieux que la pr\u00e9sidente de l'association organisatrice du Carnaval, \"Narbonne en f\u00eate\" pour nous parler des festivit\u00e9s narbonnaises ?!Au micro de Nicolas, Danielle Masson vous parle du programme haut en couleur sur le th\u00e8me des ann\u00e9es 80 !"}

Ràdio Lengadòc

Un carnaval haut en couleur à Narbonne ! - Radio Lengadoc

<blockquote class="wp-embedded-content" data-secret="kc8xoQYKBb"><a href="https://www.lengadoc.eu/oc/podcast/narbonne-en-fete/">Un carnaval haut en couleur à Narbonne !</a></blockquote><iframe sandbox="allow-scripts" security="restricted" src="https://www.lengadoc.eu/oc/podcast/narbonne-en-fete/embed/#?secret=kc8xoQYKBb" width="600" height="338" title="&laquo;&nbsp;Un carnaval haut en couleur à Narbonne !&nbsp;&raquo; &#8212; Radio Lengadoc " data-secret="kc8xoQYKBb" frameborder="0" marginwidth="0" marginheight="0" scrolling="no" class="wp-embedded-content"></iframe><script type="text/javascript">
/* <![CDATA[ */
/*! This file is auto-generated */
!function(d,l){"use strict";l.querySelector&&d.addEventListener&&"undefined"!=typeof URL&&(d.wp=d.wp||{},d.wp.receiveEmbedMessage||(d.wp.receiveEmbedMessage=function(e){var t=e.data;if((t||t.secret||t.message||t.value)&&!/[^a-zA-Z0-9]/.test(t.secret)){for(var s,r,n,a=l.querySelectorAll('iframe[data-secret="'+t.secret+'"]'),o=l.querySelectorAll('blockquote[data-secret="'+t.secret+'"]'),c=new RegExp("^https?:$","i"),i=0;i<o.length;i++)o[i].style.display="none";for(i=0;i<a.length;i++)s=a[i],e.source===s.contentWindow&&(s.removeAttribute("style"),"height"===t.message?(1e3<(r=parseInt(t.value,10))?r=1e3:~~r<200&&(r=200),s.height=r):"link"===t.message&&(r=new URL(s.getAttribute("src")),n=new URL(t.value),c.test(n.protocol))&&n.host===r.host&&l.activeElement===s&&(d.top.location.href=t.value))}},d.addEventListener("message",d.wp.receiveEmbedMessage,!1),l.addEventListener("DOMContentLoaded",function(){for(var e,t,s=l.querySelectorAll("iframe.wp-embedded-content"),r=0;r<s.length;r++)(t=(e=s[r]).getAttribute("data-secret"))||(t=Math.random().toString(36).substring(2,12),e.src+="#?secret="+t,e.setAttribute("data-secret",t)),e.contentWindow.postMessage({message:"ready",secret:t},"*")},!1)))}(window,document);
/* ]]> */
</script>

Qui de mieux que la présidente de l'association organisatrice du Carnaval, "Narbonne en fête" pour nous parler des festivités narbonnaises ?!Au micro de Nicolas, Danielle Masson vous parle du programme haut en couleur sur le thème des années 80 !
