{"version":"1.0","provider_name":"Radio Lengadoc","provider_url":"https:\/\/www.lengadoc.eu\/oc","author_name":"R\u00e0dio Lengad\u00f2c","author_url":"https:\/\/www.lengadoc.eu\/oc\/author\/admin\/","title":"Mar N\u00f2stra 219 L'occitan dins lo Piemont - Radio Lengadoc","type":"rich","width":600,"height":338,"html":"<blockquote class=\"wp-embedded-content\" data-secret=\"27GHdOVoOr\"><a href=\"https:\/\/www.lengadoc.eu\/oc\/podcast\/marnostra-219-occitan-piemont-italia\/\">Mar N\u00f2stra 219 L&rsquo;occitan dins lo Piemont<\/a><\/blockquote><iframe sandbox=\"allow-scripts\" security=\"restricted\" src=\"https:\/\/www.lengadoc.eu\/oc\/podcast\/marnostra-219-occitan-piemont-italia\/embed\/#?secret=27GHdOVoOr\" width=\"600\" height=\"338\" title=\"&laquo;&nbsp;Mar N\u00f2stra 219 L&rsquo;occitan dins lo Piemont&nbsp;&raquo; &#8212; Radio Lengadoc \" data-secret=\"27GHdOVoOr\" frameborder=\"0\" marginwidth=\"0\" marginheight=\"0\" scrolling=\"no\" class=\"wp-embedded-content\"><\/iframe><script type=\"text\/javascript\">\n\/* <![CDATA[ *\/\n\/*! This file is auto-generated *\/\n!function(d,l){\"use strict\";l.querySelector&&d.addEventListener&&\"undefined\"!=typeof URL&&(d.wp=d.wp||{},d.wp.receiveEmbedMessage||(d.wp.receiveEmbedMessage=function(e){var t=e.data;if((t||t.secret||t.message||t.value)&&!\/[^a-zA-Z0-9]\/.test(t.secret)){for(var s,r,n,a=l.querySelectorAll('iframe[data-secret=\"'+t.secret+'\"]'),o=l.querySelectorAll('blockquote[data-secret=\"'+t.secret+'\"]'),c=new RegExp(\"^https?:$\",\"i\"),i=0;i<o.length;i++)o[i].style.display=\"none\";for(i=0;i<a.length;i++)s=a[i],e.source===s.contentWindow&&(s.removeAttribute(\"style\"),\"height\"===t.message?(1e3<(r=parseInt(t.value,10))?r=1e3:~~r<200&&(r=200),s.height=r):\"link\"===t.message&&(r=new URL(s.getAttribute(\"src\")),n=new URL(t.value),c.test(n.protocol))&&n.host===r.host&&l.activeElement===s&&(d.top.location.href=t.value))}},d.addEventListener(\"message\",d.wp.receiveEmbedMessage,!1),l.addEventListener(\"DOMContentLoaded\",function(){for(var e,t,s=l.querySelectorAll(\"iframe.wp-embedded-content\"),r=0;r<s.length;r++)(t=(e=s[r]).getAttribute(\"data-secret\"))||(t=Math.random().toString(36).substring(2,12),e.src+=\"#?secret=\"+t,e.setAttribute(\"data-secret\",t)),e.contentWindow.postMessage({message:\"ready\",secret:t},\"*\")},!1)))}(window,document);\n\/* ]]> *\/\n<\/script>","thumbnail_url":"https:\/\/www.lengadoc.eu\/wp-content\/uploads\/2015\/03\/MARNOSTRA-1.jpg","thumbnail_width":2000,"thumbnail_height":864,"description":"La cronica occitana de Joan-P\u00e8ire Laval. Dins la region del Piemont en Italia, al vilatge de Santo Lucia de Coumboscuro la lenga proven\u00e7ala es plan viva, es la lenga de cada jorn. Un dorsi\u00e8r publicat per lo jornal La Provence."}

Ràdio Lengadòc

Mar Nòstra 219 L'occitan dins lo Piemont - Radio Lengadoc

<blockquote class="wp-embedded-content" data-secret="27GHdOVoOr"><a href="https://www.lengadoc.eu/oc/podcast/marnostra-219-occitan-piemont-italia/">Mar Nòstra 219 L&rsquo;occitan dins lo Piemont</a></blockquote><iframe sandbox="allow-scripts" security="restricted" src="https://www.lengadoc.eu/oc/podcast/marnostra-219-occitan-piemont-italia/embed/#?secret=27GHdOVoOr" width="600" height="338" title="&laquo;&nbsp;Mar Nòstra 219 L&rsquo;occitan dins lo Piemont&nbsp;&raquo; &#8212; Radio Lengadoc " data-secret="27GHdOVoOr" frameborder="0" marginwidth="0" marginheight="0" scrolling="no" class="wp-embedded-content"></iframe><script type="text/javascript">
/* <![CDATA[ */
/*! This file is auto-generated */
!function(d,l){"use strict";l.querySelector&&d.addEventListener&&"undefined"!=typeof URL&&(d.wp=d.wp||{},d.wp.receiveEmbedMessage||(d.wp.receiveEmbedMessage=function(e){var t=e.data;if((t||t.secret||t.message||t.value)&&!/[^a-zA-Z0-9]/.test(t.secret)){for(var s,r,n,a=l.querySelectorAll('iframe[data-secret="'+t.secret+'"]'),o=l.querySelectorAll('blockquote[data-secret="'+t.secret+'"]'),c=new RegExp("^https?:$","i"),i=0;i<o.length;i++)o[i].style.display="none";for(i=0;i<a.length;i++)s=a[i],e.source===s.contentWindow&&(s.removeAttribute("style"),"height"===t.message?(1e3<(r=parseInt(t.value,10))?r=1e3:~~r<200&&(r=200),s.height=r):"link"===t.message&&(r=new URL(s.getAttribute("src")),n=new URL(t.value),c.test(n.protocol))&&n.host===r.host&&l.activeElement===s&&(d.top.location.href=t.value))}},d.addEventListener("message",d.wp.receiveEmbedMessage,!1),l.addEventListener("DOMContentLoaded",function(){for(var e,t,s=l.querySelectorAll("iframe.wp-embedded-content"),r=0;r<s.length;r++)(t=(e=s[r]).getAttribute("data-secret"))||(t=Math.random().toString(36).substring(2,12),e.src+="#?secret="+t,e.setAttribute("data-secret",t)),e.contentWindow.postMessage({message:"ready",secret:t},"*")},!1)))}(window,document);
/* ]]> */
</script>

La cronica occitana de Joan-Pèire Laval. Dins la region del Piemont en Italia, al vilatge de Santo Lucia de Coumboscuro la lenga provençala es plan viva, es la lenga de cada jorn. Un dorsièr publicat per lo jornal La Provence.
