{"version":"1.0","provider_name":"Radio Lengadoc","provider_url":"https:\/\/www.lengadoc.eu\/oc","author_name":"R\u00e0dio Lengad\u00f2c","author_url":"https:\/\/www.lengadoc.eu\/oc\/author\/admin\/","title":"AS BEN PARLAT - Lei Gascons - Radio Lengadoc","type":"rich","width":600,"height":338,"html":"<blockquote class=\"wp-embedded-content\" data-secret=\"eZeJqDE2Hi\"><a href=\"https:\/\/www.lengadoc.eu\/oc\/podcast\/lei-gascons\/\">AS BEN PARLAT &#8211; Lei Gascons<\/a><\/blockquote><iframe sandbox=\"allow-scripts\" security=\"restricted\" src=\"https:\/\/www.lengadoc.eu\/oc\/podcast\/lei-gascons\/embed\/#?secret=eZeJqDE2Hi\" width=\"600\" height=\"338\" title=\"&laquo;&nbsp;AS BEN PARLAT &#8211; Lei Gascons&nbsp;&raquo; &#8212; Radio Lengadoc \" data-secret=\"eZeJqDE2Hi\" frameborder=\"0\" marginwidth=\"0\" marginheight=\"0\" scrolling=\"no\" class=\"wp-embedded-content\"><\/iframe><script type=\"text\/javascript\">\n\/* <![CDATA[ *\/\n\/*! This file is auto-generated *\/\n!function(d,l){\"use strict\";l.querySelector&&d.addEventListener&&\"undefined\"!=typeof URL&&(d.wp=d.wp||{},d.wp.receiveEmbedMessage||(d.wp.receiveEmbedMessage=function(e){var t=e.data;if((t||t.secret||t.message||t.value)&&!\/[^a-zA-Z0-9]\/.test(t.secret)){for(var s,r,n,a=l.querySelectorAll('iframe[data-secret=\"'+t.secret+'\"]'),o=l.querySelectorAll('blockquote[data-secret=\"'+t.secret+'\"]'),c=new RegExp(\"^https?:$\",\"i\"),i=0;i<o.length;i++)o[i].style.display=\"none\";for(i=0;i<a.length;i++)s=a[i],e.source===s.contentWindow&&(s.removeAttribute(\"style\"),\"height\"===t.message?(1e3<(r=parseInt(t.value,10))?r=1e3:~~r<200&&(r=200),s.height=r):\"link\"===t.message&&(r=new URL(s.getAttribute(\"src\")),n=new URL(t.value),c.test(n.protocol))&&n.host===r.host&&l.activeElement===s&&(d.top.location.href=t.value))}},d.addEventListener(\"message\",d.wp.receiveEmbedMessage,!1),l.addEventListener(\"DOMContentLoaded\",function(){for(var e,t,s=l.querySelectorAll(\"iframe.wp-embedded-content\"),r=0;r<s.length;r++)(t=(e=s[r]).getAttribute(\"data-secret\"))||(t=Math.random().toString(36).substring(2,12),e.src+=\"#?secret=\"+t,e.setAttribute(\"data-secret\",t)),e.contentWindow.postMessage({message:\"ready\",secret:t},\"*\")},!1)))}(window,document);\n\/* ]]> *\/\n<\/script>","thumbnail_url":"https:\/\/www.lengadoc.eu\/wp-content\/uploads\/2021\/04\/asbenparlat.jpg","thumbnail_width":2000,"thumbnail_height":864,"description":"As ben Parlat est une \u00e9mission d\u00e9di\u00e9e \u00e0 la valorisation de la langue et de la culture occitane. \u00c0 travers des \u00e9changes, des t\u00e9moignages et des d\u00e9couvertes, elle met en lumi\u00e8re une langue vivante, riche d\u2019histoire et profond\u00e9ment ancr\u00e9e dans le territoire.Entre traditions et modernit\u00e9, l\u2019\u00e9mission donne la parole \u00e0 celles et ceux qui font vivre l\u2019occitan aujourd\u2019hui : passionn\u00e9s, artistes, acteurs culturels\u2026 Un v\u00e9ritable espace de transmission et de partage pour faire r\u00e9sonner la lenga d\u2019\u00f2c et rappeler qu\u2019elle fait partie int\u00e9grante de notre identit\u00e9."}

Ràdio Lengadòc

As ben Parlat est une émission dédiée à la valorisation de la langue et de la culture occitane. À travers des échanges, des témoignages et des découvertes, elle met en lumière une langue vivante, riche d’histoire et profondément ancrée dans le territoire.Entre traditions et modernité, l’émission donne la parole à celles et ceux qui font vivre l’occitan aujourd’hui : passionnés, artistes, acteurs culturels… Un véritable espace de transmission et de partage pour faire résonner la lenga d’òc et rappeler qu’elle fait partie intégrante de notre identité.
